. What are the prime factors of w?
2, 3, 67
Let x(m) = -2*m**2 + 11*m + 50. Let k be x(10). Let v = 561 + k. List the prime factors of v.
521
Suppose -5 + 11 = -6*i. Suppose s + 21 = 161. What are the prime factors of (-5)/(4/s*i)?
5, 7
Let b be 22*33*(-3)/(-9). What are the prime factors of (-6)/(-12)*16 + b?
2, 5
Let o be (3 + (-1527)/(-9))/(16/(-72)). Let g = -76 - o. What are the prime factors of g?
701
Let t(z) = 3*z - 9. Let p be t(5). Suppose 469 = k + p*k. Suppose 101 = 4*s - k. List the prime factors of s.
2, 3, 7
Suppose 0 = -z - 3*z - 4*v + 224, 2*z = 3*v + 97. Let d = z + -26. What are the prime factors of d?
3
Suppose v - 4*i = -8*i - 12, -4*v + i = -37. Let l(a) = 26*a + v - 13*a + 3*a + 43*a. List the prime factors of l(2).
2, 3, 7
Let k be (3/6)/((-2)/(-2224)). Let n(q) = -q**2 - 21*q + 24. Let z be n(-22). Suppose z*g + 2*g - k = 0. List the prime factors of g.
139
Let x = 13006 - 8779. What are the prime factors of x?
3, 1409
Let w = -15 + 20. Suppose 0 = w*v - 56 - 184. Let z = 69 - v. What are the prime factors of z?
3, 7
Suppose -5*r = 25, 2*u - 54*r = -52*r + 16. Suppose -3*z = 3*d - 1914, -2*d + u*d = z - 644. What are the prime factors of z?
641
Suppose -4*o + 35*o = 155. Suppose 3*q = -5*m + 5706, -4*q - 8*m + 7619 = -o*m. List the prime factors of q.
1907
Suppose -3*v = -2*n + v + 2058, 4*v = n - 1033. What are the prime factors of n?
5, 41
Let w(x) = 2*x**2 - 68*x + 131. Let d be w(47). Suppose 75 = -p - 5*j + 407, -5*j - d = -4*p. What are the prime factors of p?
337
Let k = 14 + -14. Suppose 7*z - 946 - 1819 = k. List the prime factors of z.
5, 79
Let f = 36 + -8. Let w be (5 - 1) + f/(-14). Suppose w*s = 8*s - 174. List the prime factors of s.
29
Let t be 6 + (-105)/28 + 10/(-8). What are the prime factors of -2 - (-133 + (-4)/t)?
3, 5
Let z = -33506 - -80039. List the prime factors of z.
3, 15511
Let h(m) = m**2 + 6*m + 4. Let n be h(-3). Let j = n - -12. Suppose -208 = -j*w + 646. List the prime factors of w.
2, 61
Let n(j) = -37*j - 62. Let o be n(-3). Suppose -5*y + o*y - 32384 = 0. List the prime factors of y.
2, 23
Let n(p) = -p**3 + 22*p**2 + 23*p + 12. Let x be n(23). Suppose 2*f - 752 = -5*w, w - x = 3*f + 152. What are the prime factors of w?
2, 19
Let y(r) = -r**2 + 434*r + 5558. What are the prime factors of y(163)?
3, 11, 137
Let r be (13 + -16)/((-1)/70). Suppose 2*z - 3*z - 12 = -3*s, 0 = -5*s + 3*z + 16. Suppose 5*n - r = -s. What are the prime factors of n?
41
Let r be 2/(-4)*(47 - 47). Suppose -5*h = -h - 256. Suppose z - 35 = 3*b, -2*z = -r*z - 3*b - h. What are the prime factors of z?
29
Let u = -36 - -39. Suppose 2*x = -5*g + x + 85, -3*g - u*x = -39. Suppose 0 = g*b - 16*b - 84. List the prime factors of b.
2, 3, 7
Let n(p) = p**2 + p - 35. Let i be n(-7). List the prime factors of i/((-7)/(-920)) - (-30)/6.
5, 37
Suppose 2*o - 4488 - 9602 = 10712. List the prime factors of o.
12401
Let y = 14256 - 9125. What are the prime factors of y?
7, 733
Suppose -13*p + 20*p + 118381 = 4*m, -5*m - 5*p + 147880 = 0. What are the prime factors of m?
3, 19, 173
Let d = -276 - -280. Suppose -l + 475 = i, d*i - 1896 = -4*l - i. List the prime factors of l.
479
Suppose 0 = 2*b - 12*w + 10*w + 12, w + 2 = 0. Let q(r) = r**2. Let l(x) = x**3 + 10*x**2 - 32*x + 7. Let y(f) = l(f) - 3*q(f). List the prime factors of y(b).
199
Let a = 34 + -36. Let u be 10/(-2) - -4 - 10/a. Suppose -3*y - 4 = -u*f - 76, -118 = -4*y - 2*f. List the prime factors of y.
2, 7
Let c = 223 - 224. Let j(t) = 518*t**2 + 9*t. List the prime factors of j(c).
509
Suppose 15*o - 14*o - t - 12432 = 0, -3*t = 5*o - 62176. List the prime factors of o.
2, 6217
Let m(z) = z + 5. Let x(w) = 2*w**2 - w + 3. Let h be x(2). Let q be m(h). Suppose 549 = q*g - 5*g. List the prime factors of g.
61
Let v(l) = 7*l**2 - 26*l - 235. What are the prime factors of v(35)?
2, 5, 743
Let c = -21 + 54. Suppose -7334 = -5*a + 2*j, 37*a - 5881 = c*a - 3*j. List the prime factors of a.
2, 367
What are the prime factors of (-495)/(-6)*2256/30?
2, 3, 11, 47
Let o be 8/(-36) - (2 - (-670)/(-18)). Let a(l) = 21*l + 25 - o - 4. What are the prime factors of a(7)?
7, 19
Let s = -207 - -213. Suppose -s - 2325 = -9*u. What are the prime factors of u?
7, 37
Let r be (-20)/25 + 486/45. Suppose -r*a = -6*a - 2280. List the prime factors of a.
2, 3, 5, 19
List the prime factors of (-54 - 2862253/(-47))*(-4)/(-10).
2, 43, 283
Let l(a) = -a**2 + 13*a - 9. Let c be (-3 - 30/(-5))*26/6. Let y be l(c). What are the prime factors of (1 + 40)*(-7 - y)?
2, 41
Let k = 1804 + 1236. Suppose 2*i - 12*i - k = 0. List the prime factors of 19/(-57)*(i - -1).
101
Let f(z) = 3*z**3 + 40*z**2 - 364*z + 32. List the prime factors of f(11).
4861
Let d = 85 + 55. Suppose 0 = -2*p - 5*h + 992, 2*p - h - d = 864. List the prime factors of p.
3, 167
Suppose -14*a + 280 = -0. Suppose a*v - 2780 = -0*v. What are the prime factors of v?
139
List the prime factors of 912/64*(1 + -1273)*(-20)/15.
2, 3, 19, 53
What are the prime factors of (-300)/(-160)*8 + 14468?
7, 2069
List the prime factors of (50/(-30) - -5)*22509/6.
5, 41, 61
Let k = 2556 + -2379. What are the prime factors of k?
3, 59
Suppose 2087*h - 2092*h + 340131 = 2*u, u - 8 = 0. What are the prime factors of h?
68023
Suppose a - 4 = 0, s = 485*a - 489*a + 28378. What are the prime factors of s?
2, 3, 29, 163
Suppose 16 = -2*s - 86. Let n = 1569 + -1626. Let j = s - n. List the prime factors of j.
2, 3
Let j(l) = 3*l**3 - 2*l**2 + l - 13. Let r be j(3). Let n(v) = -v**3 + 59*v**2 - 286*v - 58. What are the prime factors of n(r)?
2, 3, 7, 13
Let r = 11021 + 75149. What are the prime factors of r?
2, 5, 7, 1231
Suppose 2*s - 3*g + 16 = 0, -2*g - 15 = 5*s + 3*g. List the prime factors of (3 - (-3213)/9) + (s - 1).
2, 3, 59
Let x be (-8)/(-2) + (-27 - -29). Suppose 276 = -x*k + 1956. What are the prime factors of k?
2, 5, 7
Let i(y) = -y**3 - 10*y**2 - 16*y + 6. Let o be i(-8). List the prime factors of 9/24 + o*12954/96.
2, 3, 5
Let w(q) = -130*q**2 + 23*q - 3. Let v(x) = 43*x**2 - 8*x + 1. Let y(p) = 17*v(p) + 6*w(p). Let d be y(1). Let z = d + 54. What are the prime factors of z?
2, 3
Let u = -342 + 356. Let z(f) = 3*f**2 - 5*f - 49. List the prime factors of z(u).
7, 67
List the prime factors of ((-4)/(-3))/(14 + 3062098/(-255177) + -2).
2, 3, 727
Suppose 3*i + 6 = 5*i. Suppose 2*y = -i*h - 22, -h = y + 2*h + 11. Let t = 1 - y. List the prime factors of t.
2, 3
Suppose 4817 = 21*o - 182566. What are the prime factors of o?
8923
Let c = -1175 - -1101. Suppose -5*s = -59 - 196. Let j = s - c. List the prime factors of j.
5
Suppose 3*x + t = 24385, -23*x + 28*x + 2*t = 40642. What are the prime factors of x?
2, 127
Suppose -18*k + 14*k = 0, 0 = -4*q + k - 264. Let m = q - -1245. What are the prime factors of m?
3, 131
List the prime factors of 512106/17 - (47 + 40851/(-867)).
2, 17, 443
Let d(p) = -p**3 + 7*p**2 + 19*p + 18. Let r be d(9). Suppose 0 = -s - 2*s + 9, -2*h = 5*s - r. Suppose h = 2*f - 230. List the prime factors of f.
2, 59
Suppose -559232 - 1410479 = -67*o - 75085. What are the prime factors of o?
2, 3, 1571
Let a(y) = y**3 - 8*y**2 + 9*y - 6. Let w(b) = b**2 + 5*b - 17. Suppose 4*f - 24 = r, 5*f - 9 - 27 = 2*r. Let n be w(r). List the prime factors of a(n).
2
Suppose 0 = 4*p - 5*d + 40 - 290, 0 = -2*p - 5*d + 110. What are the prime factors of (-9)/((p/400)/(66/(-5)))?
2, 3, 11
Let j(d) = 6*d - 28. Suppose 3 = n - 3*m, 4*n - 5*m + 7 = -2. Let y be 23*n/(-9) + 4/(-12). List the prime factors of j(y).
2, 31
Suppose -4*c - 2*z = -984, 4*c + z + 376 = 1362. Let p = c + -16. List the prime factors of p.
3, 7, 11
Suppose 5*x - 31 = -2*o, -5*o = -7*x - 11 + 31. Let g(c) = 314*c + 3. What are the prime factors of g(x)?
11, 13
Let f(s) = 2*s**2 - 13*s - 41. Let i be f(9). List the prime factors of (4/i)/(2/134).
67
Let j = 14 - -41. Let a(r) = 14 + 41 - j*r + 54*r. What are the prime factors of a(7)?
2, 3
What are the prime factors of -26 + 21 - ((-9)/(-6) - (-7941)/(-6))?
3, 439
Let d be (4/(-2))/((-14)/(-329)). Suppose -h + 0*z = -3*z - 70, 4*h = z + 324. Let c = d + h. What are the prime factors of c?
5, 7
Suppose r - 55 + 8 = -2*j, 3*j + 4*r = 63. Suppose j*k - 23*k + 4*l = 128, 0 = -k + 4*l + 82. List the prime factors of k.
2, 5, 7